).
-2
What is -56 + 61 - (-14 + -1)?
20
1 - (4 - (2 + -14 + 0))
-15
What is the value of (-1 - (-4 + 1)) + -345 + 353?
10
Evaluate -18 - -8 - -5 - 5.
-10
What is the value of -11 + 4 + 0 + 6 - -4?
3
What is the value of 27 + 2 + 41 + -36?
34
Evaluate (-10 - -1) + 14 - -7.
12
Calculate -6 + (35 + -7 - 17).
5
Evaluate -7 + 8 - 0 - (7 + -1).
-5
Calculate (-25 + 18 - -9) + -2 + (-1 - -1).
0
(9 - (37 - 12) - (0 + 5)) + -7
-28
What is (10 - (20 + -13) - -6) + 3?
12
What is the value of -23 - (-29 - (-15 + -5))?
-14
What is -5 - (-32 - -15 - 5)?
17
What is the value of -1 - 11 - (-61 - -44)?
5
Evaluate -2 + 5 + (-20 - -52) + -44.
-9
What is the value of (-4 - -1) + 7 + -5 + -4 - -11?
6
Evaluate -3 + 1 + -2 + (-6 - -3) + 0.
-7
What is the value of (4 - 25) + (-4 + 1 - -14)?
-10
What is -29 + (10 + -38 - -49)?
-8
What is the value of (-9 - 0 - -1) + (4 - (-1 - 16))?
13
What is the value of 32 - 2 - (742 + -733)?
21
(-18 + 11 - 1 - -18) + -13
-3
Calculate -3 - (1 - (-21 - -15)).
-10
What is (-2 - (12 - (15 + -6))) + (10 - -1)?
6
Evaluate 10 + (17 - -9) + 3 + -15.
24
What is the value of 11 + (2 - 9 - (7 + -4 - 7))?
8
17 + -19 + 18 + 14 + -11
19
Evaluate (-14 - (-20 + -16 + 35)) + -12.
-25
What is the value of 0 + -8 + (-2 - 47) + -128 + 157?
-28
Evaluate (-2 - -2) + 7 + (48 - 56) - 12.
-13
What is the value of -14 - (-9 + (-16 - -3))?
8
What is the value of (7 - -1) + -26 + (12 + -6 - 11)?
-23
11 + -1 + -1 + (26 - 33)
2
Evaluate -2 + (8 + (-3 + 1 - -4) - 5).
3
(-13 - 0) + (-18 - 3) + -70 + 82
-22
Calculate 7 - (0 + -1 - (-15 + 41 + -33)).
1
What is the value of -12 - (-1 + 2 + -7) - 1?
-7
What is the value of -46 - (-22 - -17 - 7)?
-34
What is the value of (7 - (-8 + 0)) + -10?
5
What is the value of (47 - 26) + -33 + 1 + 19?
8
What is the value of (14 - (18 - -21)) + 2?
-23
Evaluate -5 - (3 + 11) - -26.
7
Evaluate -3 + (-3 - 0 - -2) + -27 + 33.
2
What is the value of -9 + -5 + 6 - (1 + -10) - -6?
7
Calculate -39 + -22 + 2 + 21.
-38
What is the value of -23 + -18 - -8 - -10?
-23
Evaluate -13 - 0 - (1230 + -1272).
29
Calculate (-2 - (1 - 11)) + (2 - 2 - -2).
10
Evaluate 21 + (29 - 32) + -10.
8
What is 28 + (-5 + -10 - 3)?
10
Calculate (38 - (3 + 13)) + -1.
21
What is the value of -6 + -9 + -12 + 3 + 7?
-17
What is 35 - (3 + 3 + 14)?
15
Calculate (7 - 1) + (1 - 6 - -16) + -22.
-5
Evaluate 75 + -76 - (-1 + -1 + -1 - -12).
-10
Evaluate (8 - 1) + -8 + (14 + 4 - 5).
12
What is -7 - (5 + (-7 + 16 - 21))?
0
What is 3 - 9 - (-7 + (12 - 10))?
-1
What is the value of (-10 - (0 - -15)) + (2 - 4 - -6)?
-21
Evaluate 1 - (-6 + 2 + 1 - 7) - -7.
18
Evaluate -7 + 1 + -1 + (-2 - (-7 + 2)).
-4
What is the value of -8 + (19 + (2 - -4) - 8)?
9
0 + -24 + (1 - -3) - (-68 + 75)
-27
37 - (11 + 4 + 24)
-2
(-2 - -5) + (0 + (1 - -6) - 21)
-11
Evaluate 45 - 1 - (16 + -23 + -18 + 37).
32
Calculate 22 - (34 - 6) - 13.
-19
What is (-2 - (8 + 1)) + -24 + 26?
-9
Calculate 100 + -31 - (15 - -25).
29
What is (4 - -6) + 4 + -10?
4
Evaluate (11 - 26 - -24) + 8 - (2 - -4).
11
What is the value of -1 - 0 - (18 + 22 - 45) - -6?
10
(31 + -55 - -51) + 3
30
-2 + (-31 - (-54 - -26))
-5
1 + (-6 - -14 - (16 + 0))
-7
What is the value of (2 - (1 + (-1 - -3))) + -6 - 4?
-11
Evaluate -7 - (-2 + -17 - (-1 + -4)).
7
57 + -8 + 25 + -50
24
-3 + 2 + (1 - 0) + 14 + -31
-17
Evaluate -16 + 13 + 5 + 0 + 3 + 0.
5
9 + -2 - -1 - (331 + -336)
13
Calculate 1 - 4 - ((4 - 10 - 0) + 1).
2
Evaluate 3 + 60 + -25 - 21.
17
(0 - 3) + (-8 - (1 + -6)) - 0
-6
What is the value of (12 - (-2 + (-2 - -5))) + (-77 - -73)?
7
(2 - -5) + (-5 - -4 - -5)
11
(-3 - (9 + -12) - -4) + -4
0
What is the value of (4 - 3 - -10) + (2 - 10)?
3
Calculate 2 - (13 - 29 - -17 - (2 - 2)).
1
-2 + 13 - (36 - (15 - 10))
-20
What is -113 + 55 - -55 - (2 + 28 - 0)?
-33
What is -10 + 44 + (1 - 16 - (189 + -197))?
27
Calculate -4 - -2 - 11 - (5 - 19).
1
16 + 5 + -32 + 9
-2
2 - (7 + -1) - 2
-6
6 + 6 + -41 + 16 + 9
-4
What is (11 - (11 - -3)) + 14?
11
What is the value of (-1 - 2) + (-1 + -2 - (7 + -13))?
0
Calculate -6 + 0 - -1 - (6 - (-3 + 4)).
-10
What is -12 - (-7 - 0) - (-1 - -4 - -3)?
-11
What is the value of -17 - ((13 - 18) + -5)?
-7
Calculate (-1 - (-3 - 1)) + (18 - 8).
13
-9 + (0 + 7 + -2 - -1) + 8
5
What is -9 + 2 + 12 + (1 - (4 - 3))?
5
Calculate (-1 - 4) + -3 + (-47 - -55).
0
Evaluate -7 + 6 - (6 - 2) - (1 - -6).
-12
What is -1 + -7 + (7 + -33 - -48)?
14
What is 3 - (-11 + 18 + -12) - -1?
9
What is the value of -3 + ((4 - -4) + -3 - 5)?
-3
(-8 - (-12 - 1 - -8)) + 15
12
Evaluate -45 + 28 - (2 + -16).
-3
What is (-2 - -4 - -11) + (131 - 124)?
20
Calculate -13 - (-91 - -98 - (-3 + (2 - 0))).
-21
What is (6 - (-11 + 9)) + (9 - 8) + -23?
-14
Evaluate 27 - 3 - 0 - (1 + 8).
15
Evaluate -17 + -8 + 8 - -16.
-1
Calculate 15 - (2 + (1 - -20)).
-8
What is the value of 153 + -138 - (-2 - -24)?
-7
Calculate 0 - (16 + -17 + 27).
-26
What is 6 + -2 - (226 + -214) - (4 + -2)?
-10
Evaluate (-6 - -6 - -8) + -6.
2
Calculate (7 + -1 - 6) + -6 + (-5 - -14).
3
What is the value of 2 + -1 - -16 - (-102 - -105)?
14
What is 13 + -18 - (16 - 7) - 2?
-16
Calculate 8 + (9 - 10) + 2 + 0.
9
What is 17 + -13 + 4 + (-6 - 1 - -10)?
11
What is the value of (-9 - -2) + 1 + 193 + -195?
-8
Evaluate 7 + (3 - 9 - 3) - -12.
10
What is the value of 20 - (10 - (6 - 1))?
15
Calculate 938 + -928 - (1 + 17).
-8
What is 2 + -15 + (14 - (12 - 4))?
-7
What is the value of (16 - 9) + (4 - (-1 - -6))?
6
Calculate (-9 - 0) + 31 + -10 - (4 - 7).
15
What is the value of 344 - 380 - (-16 - 0)?
-20
45 + -36 + (4 - 2) + -4
7
Evaluate 0 + -10 - (7 + -9 + 1).
-9
Evaluate -166 + 126 - (-56 + 6).
10
Evaluate 2 - (8 - (-21 + 15)).
-12
What is the value of -197 + 211 - (14 - -1)?
-1
Calculate 0 + 1 - (18 - 16).
-1
1 - (-2 + 14) - (30 + -18)
-23
What is (200 - 189) + (-8 - (-6 + 3) - 3)?
3
What is the value of -27 - (-6 + -16 - -7)?
-12
What is the value of 2 - (1 + 1 - (-10 - (-14 + 18)))?
-14
(5 - (12 + 1)) + (0 - -2 - -22)
16
What is the value of -1 - ((1 - -7) + (-43 - -32))?
2
Evaluate -24 - (-17 - (-1 + -9 - 2)).
-19
What is the value of 1 + (-2 - 1) + (5 - 7) + 3?
-1
1 + 4 + (-49 - -18) - (-7 + -1)
-18
What is the value of -27 + (-11 + 7 - -5 - 7)?
-33
What is the value of (15 - 7) + (-6 - -3 - 3)?
2
Evaluate 7 + (0 - (-1 - 3)) + -10 + 8.
9
What is the value of -24 + 51 + -67 - -45?
5
Calculate -6 + (45 + -20 - 35 - (-9 + 0)).
-7
What is 12 + (-6 - -15) + -14 + -17?
-10
What is -29 - -17 - -21 - 3?
6
What is the value of (-2 - 0) + 1 + -13?
-14
What is (4 + (-13 - -1) - (1 + 17)) + 5?
-21
Calculate -14 + 0 + 11 + 1 + 9.
7
-34 - ((-77 - -1) + 21)
21
What is the value of -56 + 56 + (4 + 1 - 1) + -5?
-1
Evaluate 14 - (-9 - -42 - 11).
-8
What is the value of (0 - -3 - 4) + (-1 - 2)?
-4
-11 - (-1 - -1) - (-318 + 311)
-4
What is 6 - ((6 + -3 - 16) + 7 - 4)?
16
0 + (33 - 29) - (-1 - -9)
-4
Calculate -5 - (-9 + 5) - (10 + -21).
10
-4 - (14 + (1 - 4) - 12)
-3
(-14 + 11 - -4) + 4 + -3
2
What is 23 + -19 + -17 + -25?
-38
Evaluate 1 + (-4 - -5) + -2 - (138 + -113).
-25
What is the value of (84 - 62 - (-1 - -5)) + -8?
10
What is the value of 2 - 13 - (34 - 11 - 16)?
-18
What is -1 + 2 + 7 - (2693 + -2678)?
-7
What is the value of 9 + -9 + -16 - (2 + -10)?
-8
Calculate -4 + (-11 - -17) + -8 + 3 + 4.
1
Calculate -6 + (27 - (26 + -13)).
8
Calculate 13 + (-6 + -7 - -2) + -1.
1
What is the value of (6 - -4) + -17 + (-2 - -2)?
-7
What is -14 + 6 + 6 + -8?
-10
What is the value of 10 + (-13 + -11 - -15)?
1
Calculate -4 + 24 + 10 + 2 + -5 + -4.
23
Evaluate (-6 - 6) + 2 + -2 + 29.
17
2 - 5 - -2 - (4 + -14 + 4)
5
What is the value of 7 + -37 - (0 - 30)?
0
What is the value of 20 - (-1 + -5 + 4 + -8 + 19)?
11
What is the value of -8 + -3 + 16 + 15 + -9?
11
Evaluate -12 + 7 + 9 + -1 + -5.
-2
Calculate 10 - (-17 + 31 + 0).
-4
Evaluate 2 + (-1 - -2) - ((-12 - 11) + 21).
5
(2 - 1) + 42 + (-6 - (19 - 5))
23
Evaluate 27 + 4 + -26 + 14.
19
What is (3 - 6) + (25 - 29) - 5?
-12
What is 6 + 3 + 1 + -4 + 1 + -8?
-1
What is -31 - (4 - (3 - (6 + -9)))?
-29
What is the value of 80 + -74 - (1 - (-5 + -1))?
-1
(-12 - -7) + (-9 + 8 - 9)
-15
What is the value of -2224 + 2233 + 2 + (3 - 2 - 42)?
-30
Calculate (7 - 10 - -9) + -13 - (3 + -8).
-2
Calculate 25 + (-29 - (19 - 8)).
-15
Evaluate -13 - (-6 - (-16 + 31)).
8
What is 11 - (-26 - -19 -